3. List the prime factors of o.
2, 5, 103
Suppose 14*l = 21*l - 14. Suppose -3*r + 141 = -l*o - 0*o, -3*o - 47 = -r. List the prime factors of r.
47
Let i(o) be the first derivative of o + 38*o**2 - 37*o**2 + 0 - 1. What are the prime factors of i(9)?
19
Let k = 10114 + -6581. What are the prime factors of k?
3533
Suppose 283 = -3*u - 4*r - 12, -4*u - 4*r - 388 = 0. Let j = 162 + u. List the prime factors of j.
3, 23
Let p(m) = -m**2 + 4*m + 122. Let n be p(0). Suppose 5*u - 2*x = 863, 4*u - 5*x - n - 565 = 0. What are the prime factors of u?
173
What are the prime factors of 80/(-30) - (-7548)/9?
2, 11, 19
Let s(b) = -b**2 - 6*b - 2. Suppose 7*o - 24 = 11*o. Let i be s(o). Let f(x) = 4*x**2 - x + 1. What are the prime factors of f(i)?
19
Suppose w + 29 = -5*t + 242, 225 = 5*t - 5*w. Let v = -82 + 153. Let k = v - t. What are the prime factors of k?
2, 7
Suppose -100*i = -101*i + 19. What are the prime factors of i?
19
Suppose 2 + 140 = 5*c - 2*g, -4*c + 111 = g. Let j(q) = -q**3 + 27*q**2 + 35*q - 51. List the prime factors of j(c).
5, 29
Let p = 192 - -27. Suppose 3*l - 215 = 5*h, 3*h = 4*l - l - p. List the prime factors of l.
3, 5
List the prime factors of 4/8*(0 + 994).
7, 71
Let k be (1 - 4 - -1) + 4. Suppose -z + 24 = 4*d, 0 = 4*z - 2*d - k - 4. Suppose -l + 22 = z*m, -l + 7 = 5*m - 20. What are the prime factors of m?
5
Suppose a - 1112 = -4*b, 4*a + 298 = 2*b - 258. Let n = 414 - b. List the prime factors of n.
2, 17
Suppose 9*z - 12 = 7*z. List the prime factors of 1 + z/(-8) + (-294)/(-8).
37
Suppose -13*n = -16*n - 21. Let v(j) = -7*j - 25. List the prime factors of v(n).
2, 3
What are the prime factors of 615 - (-4)/16*(-11 + -1)?
2, 3, 17
Suppose 5*l + 6*g - 9077 = 884, -4*g = 3*l - 5975. What are the prime factors of l?
1997
Suppose 5*m - 3 = 2. Let t(a) = -32*a + 16. Let p be t(-7). Suppose -2*f = 11 - m, -5*i + 3*f = -p. What are the prime factors of i?
3, 5
Let b = 155 - 75. Let x = b - -72. What are the prime factors of x?
2, 19
Let v(q) = -38*q - 150. List the prime factors of v(-19).
2, 11, 13
Suppose 0 = -67*s + 9*s + 22794. What are the prime factors of s?
3, 131
Let k(p) = p**2 - 5*p + 58. List the prime factors of k(20).
2, 179
Let o be 3 + -1 + 1 + 0. Suppose -o*u = u. Suppose u*m = 2*z + 2*m - 50, z - 2*m = 16. What are the prime factors of z?
2, 11
Let g(j) = 11*j - 39. Let p be g(5). Suppose 15*z - p*z = -95. What are the prime factors of z?
5, 19
Let v(j) = -31*j - 13. List the prime factors of v(-14).
421
Suppose -5*j + 22*q = 24*q - 11548, 4*j - 5*q = 9245. What are the prime factors of j?
2, 3, 5, 7, 11
Let b = -12 - -28. Let l = b - 8. What are the prime factors of 3/(-12) - (-282)/l?
5, 7
Let o(i) = -4*i + 5*i**2 - 2*i**2 - 1 + i**3 - 2*i**2 + 3*i. What are the prime factors of o(4)?
3, 5
Suppose 0 = 5*t + 15, 125 + 50 = 4*b + 3*t. What are the prime factors of b - 0/(4 + -7)?
2, 23
Suppose -1848 = -6*v + 4*v + 2*h, -2*v = 4*h - 1854. What are the prime factors of v?
5, 37
Let j(s) = -s**3 + 7*s**2 - 3. Let l be j(4). Let p(m) = 44*m**2 - 3 + 3*m - l*m**2 + 10*m. What are the prime factors of p(5)?
37
Suppose 4*t - 404 = 168. Let z = -40 + t. List the prime factors of z.
103
Let n(f) = -24*f - 36. Suppose -5*y = -4*k + 1, -k - 4*k - 5 = -5*y. What are the prime factors of n(k)?
2, 3
Let w = -149 + 451. What are the prime factors of w?
2, 151
Suppose 0 = -9*n + 2659 - 850. What are the prime factors of n?
3, 67
Suppose -f - 3 = 0, -3*f = -5*g - f + 1501. What are the prime factors of g?
13, 23
Suppose 2*d = d - 3*s + 8, -5*d + 62 = 4*s. Let w be 1/(-1) - (6 + d). Let z = w - -38. What are the prime factors of z?
17
Let q(v) = 43*v - 174. What are the prime factors of q(8)?
2, 5, 17
Let q = -148 - -937. List the prime factors of q.
3, 263
Let p(b) = -b**2 - 15*b + 35. Let v be p(-15). Suppose -f - 230 = -3*a + v, 4*f = -2*a + 172. List the prime factors of a.
2, 11
Let x(c) = -c**2 + 3*c + 2. Let p be x(3). Let d = 0 + 3. Suppose q + 41 = p*o, d*q - 57 = o - 5*o. What are the prime factors of o?
2, 3
Let r(b) = -b**2 - 6*b + 6. Let h be r(-7). Let f be (8 + -8)/(3*h). Suppose f = -d - d + 56. List the prime factors of d.
2, 7
Suppose 0 = r + 2, 19*r + 9762 = 2*a + 17*r. What are the prime factors of a?
7, 17, 41
Let n(h) = h + 6. Let j be n(-8). Let b be ((-2)/(-4))/(j/(-12)). What are the prime factors of (-1 - 0)/(b/(-63))?
3, 7
Suppose t - 235 = -5*q, 5*q - 38 = 3*t + 197. Suppose 7*b = 3*b - 8. Let m = q + b. What are the prime factors of m?
3, 5
Let z(v) = 8*v + 1. Let q(f) = -23*f - 2. Let o(b) = -6*q(b) - 17*z(b). Let n be o(7). Suppose n = j + 4*d, j + 0*j + 3*d = 12. What are the prime factors of j?
3, 7
Let t(x) = 17*x - 106. List the prime factors of t(17).
3, 61
Suppose -2*y - s + 0*s = -2, -3*s = y - 6. Suppose y = 6*o - 163 - 125. What are the prime factors of o?
2, 3
Suppose -264*u + 7956 = -261*u. List the prime factors of u.
2, 3, 13, 17
List the prime factors of 6156/24 + (-25)/10.
2, 127
Suppose 0 = -8*q + 27*q - 43035. List the prime factors of q.
3, 5, 151
List the prime factors of 4/(-6)*62853/(-146).
7, 41
Let v(y) = -176*y + 1. Let o be v(1). Let x = o + 118. Let k = 115 + x. What are the prime factors of k?
2, 29
Suppose -2*s - g = -648 - 213, 5*s - 4*g = 2133. What are the prime factors of s?
3, 11, 13
Let n(k) = -3*k**2 + 4*k - 1. Let r be n(4). Let y = r - -56. What are the prime factors of y?
23
Suppose 81*y + 23767 = 140731. What are the prime factors of y?
2, 19
List the prime factors of (-3522)/(-18)*7/((-7)/(-9)).
3, 587
Let d be (12 + 0)*-1*10/(-40). What are the prime factors of (d/(-9))/(1/(-117))?
3, 13
Suppose 6 = -m + 11. What are the prime factors of (22 - (m - 1))*(-42)/(-4)?
3, 7
Suppose 7*s = 643 + 4600. List the prime factors of s.
7, 107
Suppose -l - 5*y + 60 = 4*l, -5*y - 5 = 0. Suppose l + 2 = 3*g. Suppose 3 = -3*c, o + 2*c = g*o - 90. What are the prime factors of o?
2, 11
Let f be (-2 - -5)/1 + -1. Suppose -2*c - 5*k + 20 = -0*k, 16 = c + k. Suppose 0 = 4*y + c, -2*o - f*o + 3*y = -119. List the prime factors of o.
2, 13
Let h = 5 - 33. Let z be 6/(-33) - 1425/(-33). Let t = h + z. What are the prime factors of t?
3, 5
Suppose 16 = 4*v + 4*o + 4, -4*v - 24 = -5*o. List the prime factors of v*2 - (2 - 223).
3, 73
Let k(m) = 7*m - 2 + 3*m**2 - 4*m**2 - 2. Let b be k(7). What are the prime factors of b/(-8)*20/2?
5
Let n be (-2)/(-4) - 426/4. Suppose -v - 26 - 29 = 5*b, -v - 3*b = 59. Let g = v - n. List the prime factors of g.
41
Let w(d) = -19*d - 8 + 22*d - 4 - 12*d. What are the prime factors of w(-8)?
2, 3, 5
Suppose 3*o + 4 = o. Let r be (-1 - (o + 4)) + -12. What are the prime factors of 33/15 - (-3)/r?
2
Suppose -365*y + 369*y = -92. Suppose 9 + 17 = -4*a + n, 4*n - 27 = 5*a. Let g = a - y. List the prime factors of g.
2
Suppose m + 2 = 1. Let y be 4 + (2/(-2) - m). Suppose 0 = -0*n - n - d + 55, y*d + 179 = 3*n. List the prime factors of n.
3, 19
Suppose -16 = -2*z - 5*v, 1 - 99 = -5*z + 2*v. Let a(x) = -x**3 + 7*x**2 - 8*x + 5. Let n be a(5). Let g = z - n. What are the prime factors of g?
3
Let y = -425 - -597. List the prime factors of y.
2, 43
Let k(w) = -w**2 + 21*w - 36. Let r be k(19). Suppose -3*t + 39 + 1 = 4*i, -i - r = 0. List the prime factors of t.
2
Let s(c) = c**3 + 4*c**2 - 7*c + 2. Let j be s(-5). Let w = j - 0. What are the prime factors of w?
2, 3
Let h be 48/(-5)*1750/(-105). Let d = 9 - 6. Suppose d*l + l = h. List the prime factors of l.
2, 5
Suppose 13*i + 1099 = 47743. What are the prime factors of i?
2, 3, 13, 23
Suppose -21*d = -33*d + 1896. List the prime factors of d.
2, 79
Suppose 8*x = 128 + 1632. Suppose -2*t = 2*t - x. List the prime factors of t.
5, 11
Suppose -269*c = -276*c + 2940. List the prime factors of c.
2, 3, 5, 7
Suppose 0 = -9*v + 14*v - d - 12008, -4*v - 5*d = -9618. What are the prime factors of v?
2, 1201
Let p = 141 + 258. List the prime factors of p.
3, 7, 19
Let s = 93 - 93. Suppose -3*h - u + 12 = -0*h, -3*u = 0. Suppose -h*a + 6*a - 24 = s. What are the prime factors of a?
2, 3
Let j = 11 + -7. Suppose -j*k = -837 - 111. What are the prime factors of k?
3, 79
Suppose 0 = 4*g + 4*g - 3464. Let i = -263 + g. List the prime factors of i.
2, 5, 17
Suppose -11178 = -4*x + 3*d, 0 = 7*x - 5*x + 4*d - 5578. L